rime factors of 561716677.
67, 73, 114847
List the prime factors of 90091064.
2, 7, 1608769
List the prime factors of 4608183744.
2, 3, 17, 103, 1523
What are the prime factors of 47973664?
2, 107, 14011
List the prime factors of 87081368.
2, 11, 989561
List the prime factors of 429481298.
2, 277, 775237
What are the prime factors of 1618824448?
2, 179, 35327
List the prime factors of 2868971825.
5, 43, 61, 67, 653
What are the prime factors of 91918914?
2, 3, 269, 56951
List the prime factors of 969588914.
2, 7, 17, 97, 41999
What are the prime factors of 23164426?
2, 41, 282493
List the prime factors of 113189605.
5, 317, 71413
List the prime factors of 66171773.
643, 102911
List the prime factors of 2575017937.
2575017937
List the prime factors of 152342456.
2, 7, 19, 67, 2137
List the prime factors of 39239724.
2, 3, 3269977
List the prime factors of 457363464.
2, 3, 23, 828557
What are the prime factors of 707199962?
2, 7, 31, 61, 26713
List the prime factors of 137767974.
2, 3, 19, 71, 17021
List the prime factors of 29635668.
2, 3, 19, 37, 1171
List the prime factors of 3092659434.
2, 3, 2621, 21851
What are the prime factors of 872314528?
2, 59, 491, 941
What are the prime factors of 187528833?
3, 20836537
What are the prime factors of 19698441?
3, 7, 103, 1301
List the prime factors of 153025815.
3, 5, 229, 44549
List the prime factors of 72191488.
2, 19, 41, 181
What are the prime factors of 671617736?
2, 83952217
List the prime factors of 74023340.
2, 5, 853, 4339
What are the prime factors of 400199207?
2467, 162221
List the prime factors of 105607417.
17, 6212201
What are the prime factors of 1546969432?
2, 67, 1399, 2063
What are the prime factors of 884224195?
5, 101, 421, 4159
List the prime factors of 148506422.
2, 59, 83, 257
What are the prime factors of 88196752?
2, 7, 37, 21283
What are the prime factors of 240072424?
2, 211, 142223
List the prime factors of 80245713.
3, 26748571
What are the prime factors of 1934896352?
2, 37, 1634203
List the prime factors of 2494354.
2, 1247177
What are the prime factors of 22253428?
2, 37, 53, 2837
List the prime factors of 1200998868.
2, 3, 53, 127, 14869
List the prime factors of 63542125.
5, 577, 881
List the prime factors of 60725175.
3, 5, 7, 23, 47, 107
What are the prime factors of 47100586?
2, 13, 1811561
List the prime factors of 34005582.
2, 3, 13, 67, 241
What are the prime factors of 389407283?
67, 223, 389
List the prime factors of 530386513.
530386513
What are the prime factors of 61927985?
5, 7, 1769371
List the prime factors of 8896701914.
2, 4448350957
List the prime factors of 232401376.
2, 947, 7669
What are the prime factors of 20726006?
2, 7, 1480429
What are the prime factors of 1986429861?
3, 13, 16978033
What are the prime factors of 22305320?
2, 5, 557633
List the prime factors of 1916890060.
2, 5, 95844503
List the prime factors of 120488430.
2, 3, 5, 79, 50839
List the prime factors of 82043826.
2, 3, 103, 132757
What are the prime factors of 4436433419?
11, 97, 431, 877
List the prime factors of 42971800.
2, 5, 37, 5807
What are the prime factors of 2516080783?
59, 42645437
List the prime factors of 538499363.
43, 12523241
List the prime factors of 1767972749.
17, 31, 3354787
List the prime factors of 72289104.
2, 3, 1506023
What are the prime factors of 29326123?
89, 109, 3023
What are the prime factors of 778192531?
131, 5940401
What are the prime factors of 21842790?
2, 3, 5, 17, 42829
What are the prime factors of 2303946944?
2, 13, 2769167
What are the prime factors of 70969162?
2, 11, 293261
What are the prime factors of 27032952?
2, 3, 223, 5051
What are the prime factors of 1187974336?
2, 18562099
List the prime factors of 461250244.
2, 7, 13, 67, 18913
What are the prime factors of 145195355?
5, 53, 71, 7717
List the prime factors of 128389677.
3, 13, 3292043
List the prime factors of 28956994.
2, 11, 119657
What are the prime factors of 680665088?
2, 83089
What are the prime factors of 37208446?
2, 11, 1691293
List the prime factors of 4502712322.
2, 59, 38158579
What are the prime factors of 436902851?
7, 11, 673, 8431
List the prime factors of 1754468414.
2, 251, 919, 3803
What are the prime factors of 4791239871?
3, 11, 23, 937, 6737
What are the prime factors of 146404532?
2, 449, 81517
What are the prime factors of 20920321?
20920321
List the prime factors of 1370355904.
2, 21411811
What are the prime factors of 2243788287?
3, 13, 57533033
List the prime factors of 3156176879.
239, 367, 35983
List the prime factors of 99169301.
7, 11, 191, 613
List the prime factors of 676122484.
2, 53, 929, 3433
What are the prime factors of 3276937669?
41, 79925309
What are the prime factors of 33373020?
2, 3, 5, 149, 3733
List the prime factors of 372289163.
372289163
What are the prime factors of 32642690?
2, 5, 29, 31, 3631
List the prime factors of 3172913416.
2, 396614177
List the prime factors of 8492921.
8492921
List the prime factors of 54971555.
5, 73, 150607
List the prime factors of 183023588.
2, 11, 4159627
What are the prime factors of 27600509?
31, 181, 4919
List the prime factors of 93240947.
93240947
List the prime factors of 15542341.
15542341
What are the prime factors of 457912764?
2, 3, 41, 34471
What are the prime factors of 2067266446?
2, 7, 863, 171103
What are the prime factors of 43222384?
2, 163, 16573
List the prime factors of 164360338.
2, 82180169
List the prime factors of 2747789756.
2, 37, 617, 30091
List the prime factors of 685334097.
3, 7, 10878319
List the prime factors of 332020561.
332020561
What are the prime factors of 74912331?
3, 13, 61, 31489
List the prime factors of 381946529.
41, 9315769
What are the prime factors of 183270995?
5, 863, 42473
List the prime factors of 970399684.
2, 53, 1087, 4211
What are the prime factors of 27838161?
3, 13, 26437
What are the prime factors of 54498897?
3, 19, 47, 6781
What are the prime factors of 178620458?
2, 229, 390001
What are the prime factors of 3409992103?
7, 79, 6166351
List the prime factors of 2896081145.
5, 79, 2411, 3041
What are the prime factors of 1819174234?
2, 29, 173, 181301
What are the prime factors of 36496933?
11, 3317903
List the prime factors of 43688490.
2, 3, 5, 37, 39359
List the prime factors of 5894353.
5894353
What are the prime factors of 882764067?
3, 131, 2246219
List the prime factors of 277125996.
2, 3, 7, 79, 41761
List the prime factors of 15841745.
5, 3168349
What are the prime factors of 2797042564?
2, 53, 83, 158959
List the prime factors of 2532323405.
5, 506464681
List the prime factors of 10111714.
2, 107, 47251
List the prime factors of 2400125340.
2, 3, 5, 1823, 21943
What are the prime factors of 194181847?
23, 8442689
What are the prime factors of 246695219?
701, 351919
What are the prime factors of 868753?
29, 1033
What are the prime factors of 116587920?
2, 3, 5, 23, 21121
List the prime factors of 360732419.
953, 378523
List the prime factors of 3526251234.
2, 3, 11, 47, 1136767
List the prime factors of 221535448.
2, 23, 673, 1789
What are the prime factors of 313257394?
2, 89, 541, 3253
List the prime factors of 9688801.
409, 23689
What are the prime factors of 5460118804?
2, 7, 73, 263, 1451
What are the prime factors of 72533646?
2, 3, 193, 20879
What are the prime factors of 36160367?
601, 60167
What are the prime factors of 4150789780?
2, 5, 19, 10923131
What are the prime factors of 58272260?
2, 5, 17, 367, 467
What are the prime factors of 2954566058?
2, 1477283029
List the prime factors of 4109189527.
17, 19, 1327, 9587
List the prime factors of 5400062722.
2, 43, 461, 136207
List the prime factors of 623135424.
2, 3, 313, 10369
What are the prime factors of 1206395110?
2, 5, 3041, 39671
What are the prime factors of 5783375949?
3, 13, 148291691
List the prime factors of 166331543.
7, 47, 53, 9539
List the prime factors of 19116493.
11, 1737863
What are the prime factors of 1005754572?
2, 3, 37, 755071
List the prime factors of 43998437.
7, 6285491
List the prime factors of 105727556.
2, 11, 17, 107, 1321
What are the prime factors of 522449353?
131, 227, 17569
List the prime factors of 1802249744.
2, 112640609
What are the prime factors of 9369876?
2, 3, 780823
What are the prime factors of 16770023?
47, 509, 701
W